56. List the prime factors of 71*(12/f + -1) + -3.
139
Suppose 0 = v - 5*i - 62254, -62255 = -v - 0*v + 4*i. List the prime factors of v.
3, 20753
Let n(k) = -474*k**3 - 11*k**2 - 29*k - 1. What are the prime factors of n(-2)?
5, 761
Let j = 52850 - 25910. What are the prime factors of j?
2, 3, 5, 449
Suppose -3*v + 13 + 35 = 0. Suppose 32 + v = -6*m. Let n = m - -29. List the prime factors of n.
3, 7
Suppose 23*o - 3598909 - 1157876 = -204*o. What are the prime factors of o?
3, 5, 11, 127
Suppose -4*m = 3*r - 4*r - 21466, 2*r = 5*m - 26828. List the prime factors of m.
2, 11, 61
Let c be ((-12)/(-5))/((-4)/(-240)*6). Let v = 162 - c. List the prime factors of v + (-2 + 2)*1/2.
2, 3, 23
Let y(g) = -34*g - 16. Let o(q) = -3*q + 7. Let s(w) = 4*o(w) - y(w). Let z(r) = r**2 + 3*r - 2. Let b be z(2). List the prime factors of s(b).
2, 5, 11
Let u(l) = 8*l**2 - 7*l + 16. Let x be u(7). Let g = -64 + x. What are the prime factors of g?
5, 59
Let z(n) = 358*n**3 - n**2 - 38*n + 270. What are the prime factors of z(6)?
2, 3, 12889
Suppose 12*k + 209 + 571 = 0. Suppose 0 = -5*n - 2*u + 988, -2*n + 598 = n - 4*u. Let m = k + n. What are the prime factors of m?
7, 19
Let k be (-25)/20 + 1181/4. Let j = k - 170. What are the prime factors of j?
2, 31
Suppose -244606 = -17*x + 158991. What are the prime factors of x?
23741
Let i = -281 + -80. Let t = 190 + i. Let j = 292 + t. List the prime factors of j.
11
Suppose 0 = 122*j + 22*j + 358*j - 1656600. List the prime factors of j.
2, 3, 5, 11
Suppose -2*w - 65 = -15*w. Suppose 3*d + w*q - 2170 = -2*d, 0 = -q - 4. List the prime factors of d.
2, 3, 73
Suppose 12*h + 5040 = 27*h. Let k = 427 - h. What are the prime factors of k?
7, 13
Let j = -479 - -498. Suppose -18410 = -j*f - 2336. List the prime factors of f.
2, 3, 47
Let f(o) = 5*o + 21. Let u be f(9). Suppose -30*p = -16*p - 19*p. Suppose p*s + u = 2*s. What are the prime factors of s?
3, 11
Let d(x) = -239*x + 896. List the prime factors of d(-17).
3, 19, 29
Let t(l) = -6*l + 283. Let q be t(0). Let f = 537 - q. Let r = 355 - f. List the prime factors of r.
101
Suppose 0 = 13*l - 30*l + 92*l - 1583700. What are the prime factors of l?
2, 5279
Suppose 18*s = 17*s. Suppose o + s*o = 90. Let x = o + -72. What are the prime factors of x?
2, 3
Suppose 0 = 57*n - 54*n - 6, -2*a + 2*n = -71948. What are the prime factors of a?
2, 3, 1499
Let v be 31329 + (16/32)/(1/4). What are the prime factors of v/153 + (-4)/(-18)?
5, 41
List the prime factors of (-493)/34*(-278264)/406.
2, 4969
List the prime factors of ((-73611)/(-7) - 7)/(12/42).
36781
Let w = 3736 - 2454. List the prime factors of w.
2, 641
Suppose 4 = -2*o - 0. Let m(j) be the third derivative of -7*j**6/30 - j**4/8 + j**3/3 - 3*j**2 - j + 54. List the prime factors of m(o).
2, 29
Let x(b) = -20*b**3 + 4*b**2 - 12*b. Let l be x(5). Let h = 3514 + l. List the prime factors of h.
2, 17, 31
Let m(b) = -255*b + 65. What are the prime factors of m(-32)?
5, 7, 47
Suppose 21*w - 534 + 134 = 19*w. List the prime factors of w.
2, 5
Let x be -29*(-21)/9 - (-11)/33. Let r = 660 - x. List the prime factors of r.
2, 37
Let t be (6/3 - 2)/(-5 + 6). Suppose -3*a = -t*a - a. Suppose -z - 4*b + 47 = -a*z, -3*z + b + 128 = 0. List the prime factors of z.
43
What are the prime factors of (5421/6)/(58/116)?
13, 139
Suppose 0*o - 12 = -4*c + 4*o, 4*c - 3*o - 14 = 0. Suppose -c*k = -3*z + 2*z - 533, -2*k - 2*z = -206. List the prime factors of k.
2, 53
Let b = -148 - -58. Let t = -43 - b. What are the prime factors of t?
47
What are the prime factors of (55/22)/(-1)*((-37461)/15 + 1)?
79
List the prime factors of 3/9*((-925263)/45)/(3/(-5)).
11423
Suppose -15*c + 185597 + 177512 = -52376. List the prime factors of c.
3, 7, 1319
Suppose 0 = -w + o + 14, 0 = 5*w - 2*w - 2*o - 40. List the prime factors of (9/w)/((-3)/(-4488)).
2, 3, 11, 17
Suppose p + 2*p - p = 0. Suppose 0 = 4*q + 4*w - 3160, p = 10*q - 14*q - 2*w + 3160. What are the prime factors of q?
2, 5, 79
Let a = 15733 - -4574. What are the prime factors of a?
3, 7, 967
Suppose -774 = 2*y - 4*o, -5*y - 2*o - 383 = -4*y. Let a = -283 - y. What are the prime factors of a?
2, 3, 17
Let s = -64 - -66. Let a be -3 + s - 2305/(-5). Suppose -q - 5*j = 3*q - a, -5*q + 5*j = -575. What are the prime factors of q?
5, 23
Suppose -44 = 4*u + 4*p, -3*u + 0*u - 33 = -5*p. Let i = u + 297. List the prime factors of i.
2, 11, 13
Let x(p) = -p**3 - 6*p**2 + 9*p - 8. Let g be x(-8). Suppose -3*y = -6, -3*t - 2*y + 16 - g = 0. Let s = t - -99. List the prime factors of s.
3, 29
Let k = -5780 + 10462. List the prime factors of k.
2, 2341
Let t(h) be the second derivative of -h**5/20 - 3*h**4/2 - 31*h**3/6 + 17*h**2/2 - 60*h. What are the prime factors of t(-17)?
3, 5, 17
Let x = -2456 - -14535. What are the prime factors of x?
47, 257
Let h(v) = 274*v - 182*v - 535*v - 14. List the prime factors of h(-1).
3, 11, 13
Suppose 18*i - 80069 - 26527 = 0. What are the prime factors of i?
2, 3, 7, 47
Let h = 903 + 6940. List the prime factors of h.
11, 23, 31
Let b be (-100)/(-250) - (-22)/(-5). List the prime factors of b*(-175 + 9) - -7.
11, 61
Let u(s) = s**3 + 8*s**2 + 4*s - 17. Let c(y) = 10*y + 64. Let i be c(-7). List the prime factors of u(i).
31
Let g be (-24)/20*40/(-24). Suppose -4*u - 1040 = -g*y, 4*y + u + 4*u = 2132. What are the prime factors of y?
2, 3, 11
Suppose i + 0*v - 5*v = 12, -3*v - 6 = 0. Suppose i*m - 1381 = -2*w + 3*w, 3*w = 4*m - 2757. Let r = -389 + m. List the prime factors of r.
2, 19
Suppose 4*h - 800 = -2*r, r = h - 2*r - 207. Let g = -93 + h. Suppose g = -7*q + 9*q. List the prime factors of q.
2, 3
Suppose 2*o - 391 = -6*d + d, o - 5*d - 158 = 0. List the prime factors of ((-376)/(-24) + -11)*1*o.
2, 7, 61
What are the prime factors of 369/(-246) - (63/(-28))/((-2)/(-20116))?
3, 19, 397
What are the prime factors of ((-7 + 5263)/(-8))/(3/(-46)) - 1?
7, 1439
List the prime factors of (0 - -1)/(-23 + 26809184/1165616).
263, 277
Let c(i) = i + 36. Let y be -4 - (-2)/3*(-72)/16. Let d be c(y). Let j = d - 10. List the prime factors of j.
19
List the prime factors of (1238799/711 - (-1 - -15))*(-1 - -10).
3, 5, 17, 61
Let i(k) = 23*k - 2. Let r be i(-2). Let l = r + 68. Suppose -25*f + l = -21*f. List the prime factors of f.
5
Let c(w) = 9711*w + 521. What are the prime factors of c(1)?
2, 1279
Let d = 112 - 112. Suppose 0 = -3*x + 4*g + 73 + 50, -5*g = d. List the prime factors of x.
41
Let i be 2*(49/2)/7. Let k be 13052/182 + (9/i - 1). List the prime factors of (-12)/(-4) - (0 - k/1).
3, 5
Suppose -2*m + 1986 = -0*y - 3*y, 4004 = 4*m + 2*y. Let a = m + -431. What are the prime factors of a?
2, 71
Let j(a) = a + 1044. Let z be j(0). Let v = z - 545. List the prime factors of v.
499
Suppose 4433 = 9*t + 4*t. Suppose 1160 = -2*n + 5*x, 3*n + 1408 = 3*x - t. Let r = -407 - n. List the prime factors of r.
2, 89
Let a(c) = c + 16. Let t be a(-11). Suppose -t*v - 259 = -969. Suppose 0 = -5*o + v + 173. What are the prime factors of o?
3, 7
Suppose 35*w - 1533 = 32*w. Suppose 98*j = 99*j - w. List the prime factors of j.
7, 73
Let k(z) = -z**2 + 9*z + 3 + 0*z**2 + 1 + 2*z**2. Let c be k(-6). What are the prime factors of c/(-6)*11 - 74/111?
5
Suppose 0 = -28*b + 990052 + 232680. What are the prime factors of b?
43669
Let v(z) = 3*z**3 + z**2 - 3*z - 2. Let f be v(2). Suppose -2*d + f + 0 = 0. Suppose -d*i = 321 - 1811. List the prime factors of i.
149
Let n(x) = 48*x + 20. Let s be n(-10). Let i = 273 - s. List the prime factors of i.
733
Let s(p) = -26*p + 5. Let j be s(6). Suppose 0 = 19*h - 1848 - 2275. Let b = j + h. List the prime factors of b.
2, 3, 11
Suppose 29 = 9*i - 7. Let m be 6/(i + -1) - -896. Suppose -4*b = 74 - m. What are the prime factors of b?
2, 103
Let c = -2 + 7. Suppose -c*d + 52 + 173 = 0. What are the prime factors of -4 + d + (-1)/(-3)*3?
2, 3, 7
Let a(j) = 12*j**2 + j + 7. Let h be a(-3). Suppose 8*u - h - 8 = 0. Suppose 5*p - 3*o = 363 + 88, u = 5*o. What are the prime factors of p?
2, 23
Let u be (159/(-9) + -3)/((-6)/9). Let x = 34 - u. Suppose x*o + o + 892 = 4*z, -2*z + o = -444. What are the prime factors of z?
13, 17
Suppose -a - 2*q - 472 = 0, -4*a = 3*q - 6*q + 1888. Let d = a + 789. Suppose 4*x - d - 2 = 5*k, -k + 149 = 2*x. Wh